(-10).
-45
Let u(f) = 2*f**2 + 14*f + 52. What is u(-6)?
40
Let a(m) = 414*m - 5308. What is a(13)?
74
Let u(r) = -146*r**3 - 4*r**2 + 2*r + 2. What is u(-1)?
142
Let j(w) = 27*w**2 + 58*w - 9. Determine j(-2).
-17
Let c(d) = -d**3 + 94*d**2 - 189*d + 518. Determine c(92).
58
Let p(q) = 28*q - 54. Give p(4).
58
Let g(l) = 57*l + 244. Determine g(-5).
-41
Let m(p) = -75*p**2 - 3*p - 4. Give m(-1).
-76
Let o(q) = -305*q + 398. Calculate o(1).
93
Let z(q) = 49*q**3 - 32*q - 31. Give z(-1).
-48
Let r(n) = 4*n - 271. Determine r(74).
25
Let d(i) = -8*i**2 - 773*i - 4364. What is d(-6)?
-14
Let c(z) = z**2 + 58*z + 821. Determine c(-34).
5
Let d(v) = v**3 + 19*v**2 + 53*v + 1463. Give d(-20).
3
Let g(p) = 3*p**3 - p**2 - 156*p - 14. Calculate g(-7).
0
Let h(x) = -245*x + 2220. Calculate h(9).
15
Let h(r) = 686*r - 2032. What is h(3)?
26
Let c(y) = 2*y**2 - 15*y - 93. Give c(-5).
32
Let k(h) = 58*h + 529. Give k(-9).
7
Let x(w) = -w**2 + 187*w - 2105. Determine x(12).
-5
Let a(i) = 158*i - 475. Calculate a(3).
-1
Let k(u) = 208*u + 601. Calculate k(-2).
185
Let h(l) = -2*l**3 + 8*l**2 + 33*l - 87. Calculate h(2).
-5
Let r(q) = 2*q**3 + 55*q**2 - 410*q + 24. Give r(6).
-24
Let f(x) = 95*x**3 + 2*x**2 - 12*x - 13. Calculate f(-1).
-94
Let c(n) = 31*n - 173. Determine c(12).
199
Let c(s) = -s**3 - s**2 + 10*s - 50. Give c(0).
-50
Let o(k) = -356*k + 1717. Give o(4).
293
Let a(f) = 2*f**3 + 10*f**2 - 5*f - 48. What is a(-4)?
4
Let q(t) = -2*t**2 - 87*t - 449. Calculate q(-38).
-31
Let a(r) = 20*r**2 + 356*r - 68. Determine a(-18).
4
Let t(v) = -103*v + 26. Calculate t(-4).
438
Let p(t) = -3*t**2 + 449*t - 6746. Calculate p(17).
20
Let v(o) = o**3 + 46*o**2 + 386*o + 24. What is v(-11)?
13
Let z(f) = -22*f + 822. What is z(39)?
-36
Let l(h) = 9*h**2 + 18*h + 19. What is l(-5)?
154
Let r(f) = 2*f**2 - 32*f - 451. Calculate r(23).
-129
Let u(m) = m**3 + 30*m**2 + 49*m + 65. Calculate u(-28).
261
Let m(v) = 682*v - 8864. Give m(13).
2
Let z(h) = -58*h**2 - 19*h - 18. Calculate z(-1).
-57
Let c(p) = 30*p - 400. Calculate c(6).
-220
Let p(c) = 58*c + 3978. Calculate p(-66).
150
Let p(h) = 47*h + 684. What is p(-16)?
-68
Let y(j) = j**2 - 35*j - 387. What is y(44)?
9
Let p(c) = -73*c**2 - 97*c + 6. Determine p(-3).
-360
Let i(u) = -u**3 + 5*u**2 + 38*u - 32. Give i(9).
-14
Let p(h) = -h**3 - h**2 - 311*h - 622. Calculate p(-2).
4
Let q(t) = 18*t**2 - 418*t + 63. Determine q(23).
-29
Let y(f) = f**2 - 58*f + 763. Give y(38).
3
Let p(t) = t**2 - 11*t + 25. Calculate p(10).
15
Let m(b) = 17*b - 453. Calculate m(52).
431
Let p(s) = -88*s - 28. Calculate p(0).
-28
Let b(l) = 33*l**3 - 4*l**2 - 12*l - 10. Give b(-2).
-266
Let r(z) = 220*z + 61. Calculate r(-1).
-159
Let h(z) = -11*z**2 + 290*z - 98. What is h(26)?
6
Let o(y) = -y**2 + 181. Calculate o(13).
12
Let k(i) = 4*i**2 + 21*i + 14. Determine k(-8).
102
Let b(d) = -16*d + 44. What is b(6)?
-52
Let u(j) = j**3 + 18*j**2 - 15*j - 41. What is u(-18)?
229
Let r(g) = -4*g**3 + 4*g**2 - 4*g + 1. Determine r(1).
-3
Let n(k) = k**2 + 74*k + 1349. Determine n(-41).
-4
Let f(r) = 6*r + 194. Calculate f(-37).
-28
Let h(m) = -2*m**3 + 74*m**2 + 507*m - 46. Give h(-6).
8
Let u(d) = -d**3 + 7*d + 10. Calculate u(0).
10
Let u(g) = 2*g**3 + g**2 + 9*g - 17. Give u(4).
163
Let r(p) = -p**3 + 366*p**2 + 1863*p - 2971. Calculate r(371).
-3
Let d(c) = -139*c - 812. Determine d(-6).
22
Let b(o) = o**3 - 17*o**2 + 42*o - 5. Determine b(12).
-221
Let b(w) = -35*w + 3549. Calculate b(100).
49
Let z(x) = 6*x**2 + 78*x - 9. Calculate z(-13).
-9
Let p(o) = 6*o - 105. Determine p(-9).
-159
Let i(z) = -89*z**2 - 970*z + 115. Give i(-11).
16
Let l(k) = 339*k - 2777. Give l(8).
-65
Let v(h) = -121*h + 1631. Calculate v(13).
58
Let u(o) = -50*o**2 - 14*o + 1. Give u(-1).
-35
Let s(l) = -383*l + 264. What is s(-2)?
1030
Let u(b) = 1839*b + 1877. Calculate u(-1).
38
Let d(a) = a**3 - 12*a**2 + 707*a - 7670. Calculate d(11).
-14
Let u(o) = 18*o + 246. Calculate u(-13).
12
Let j(f) = -f**2 + 86*f - 1838. Give j(40).
2
Let k(b) = 14*b + 86. Determine k(-10).
-54
Let t(n) = 3*n - 61. Give t(-28).
-145
Let y(v) = v**2 - 21*v - 226. Determine y(-7).
-30
Let b(g) = -g**3 - 70*g**2 - 44*g + 1737. Determine b(-69).
12
Let t(o) = -57*o - 1017. Calculate t(-18).
9
Let w(f) = -f**2 + 44*f - 419. Calculate w(30).
1
Let s(a) = 110*a - 3606. Determine s(33).
24
Let r(g) = -3*g**2 - 151*g + 8956. Calculate r(35).
-4
Let l(r) = 2*r**3 + 54*r**2 - 41*r - 61. What is l(-28)?
-481
Let z(o) = -22*o - 1. Give z(1).
-23
Let k(d) = 4*d**3 + 25*d**2 - 22*d - 14. Determine k(-7).
-7
Let c(u) = 31*u + 527. Determine c(-7).
310
Let y(q) = -q**3 + 70*q**2 - q + 77. Calculate y(0).
77
Let x(l) = l**2 - 14*l + 63. What is x(4)?
23
Let y(p) = -2*p**3 - 3*p**2 + 6*p - 6. Determine y(1).
-5
Let s(v) = v**2 + 40*v + 38. Give s(-1).
-1
Let c(j) = 6*j**2 - 393*j + 168. Determine c(65).
-27
Let b(p) = -p**3 + 11*p**2 + 79*p + 35. Give b(16).
19
Let u(c) = 8*c - 43. Calculate u(-7).
-99
Let u(t) = 99*t - 379. What is u(0)?
-379
Let v(a) = 2*a**2 - 40*a + 31. Determine v(17).
-71
Let w(f) = 21*f**2 + 2984*f + 264. Give w(-142).
-20
Let h(r) = 34*r + 374. What is h(-9)?
68
Let l(y) = -2*y - 191. Determine l(-29).
-133
Let p(y) = -y**2 + 244*y - 3215. What is p(14)?
5
Let b(n) = n**3 - 19*n**2 + 34*n + 2. Give b(17).
2
Let h(g) = g**3 + 32*g**2 - g - 56. What is h(-32)?
-24
Let b(u) = 18*u - 136. Determine b(8).
8
Let f(p) = 293*p - 22261. Calculate f(76).
7
Let n(i) = -74*i + 29. Determine n(-2).
177
Let b(x) = 2*x**2 - 429*x + 3885. What is b(205)?
-10
Let d(i) = -17*i - 187. What is d(-17)?
102
Let x(o) = 19*o**3 + 226*o**2 - 22*o + 19. Give x(-12).
-5
Let n(c) = 2*c**3 - 2*c**2 + 14. Calculate n(-4).
-146
Let c(a) = 4*a**2 - 57*a - 60. Give c(15).
-15
Let u(l) = -8*l**2 + 143*l + 31. Give u(18).
13
Let v(u) = -7*u - 403. Determine v(-54).
-25
Let q(o) = 124*o**2 - o + 1. Determine q(-1).
126
Let i(m) = -218*m + 179. What is i(0)?
179
Let g(y) = y**3 + 5*y**2 - 37*y + 5. Determine g(4).
1
Let q(j) = j**3 - 3*j**2 - 38*j + 2. Calculate q(10).
322
Let y(x) = 16*x**2 + 11*x + 27. What is y(-2)?
69
Let o(m) = -m**2 - 15*m + 4371. Calculate o(59).
5
Let q(l) = l**3 + 69*l**2 - 215*l - 298. Calculate q(-72).
-370
Let a(t) = 47*t**2 - 362*t + 501. Calculate a(6).
21
Let a(u) = 3*u**2 - 14*u + 17. Calculate a(6).
41
Let v(z) = -56*z - 1024. Give v(-20).
96
Let v(x) = 11*x - 80. Calculate v(-2).
-102
Let w(m) = 11*m**3 - 77*m**2 + 5. What is w(7)?
5
Let f(k) = 457*k + 4575. Give f(-10).
5
Let l(d) = d**3 - 54*d**2 - 101*d - 3987. What is l(57)?
3
Let h(a) = a**2 - 33*a + 3. Determine h(26).
-179
Let t(u) = -u**2 - 67*u - 102. Give t(-66).
-36
Let r(a) = -142*a + 2921. Determine r(20).
81
Let a(l) = 2*l**3 - 20*l**2 + 2*l + 40. Calculate a(9).
-104
Let v(d) = -6*d**2 - 55*d - 26. Give v(-9).
-17
Let z(p) = 4*p**2 + p - 67. Calculate z(6).
83
Let w(a) = a**2 + 134*a - 2398. Calculate w(16).
2
Let w(v) = -v**2 + 37*v + 5426. Determine w(95).
-84
Let g(o) = 135*o + 664. Give g(-5).
-11
Let j(u) = 24*u**2 + 270*u + 72. Determine j(-11).
6
Let t(b) = b**3 + 187*b**2 - 566*b + 648. What is t(-190)?
-112
Let i(w) = -623*w + 6205. Calculate i(10).
-25
Let a(c) = -c**3 - 31*c**2 + 42*c + 297. Give a(-32).
-23
Let r(f) = -2*f**2 - 182*f - 3997. Give r(-54).
-1
Let z(t) = t**3 - 12*t**2 - 32*t. Give z(13).
-247
Let l(q) = -q**3 - 5*q**2 - 75*q - 285. Calculate l(-4).
-1
Let n(v) = -7*v**3 - v**2 - 10*v + 2. What is n(-3)?
212
Let j(o) = o**2 + 2464*o + 4924. Give j(-2).
0
Let z(k) = 10*k + 718. What is z(-65)?
68
Let y(s) = 687*s + 4111. Give y(-6).
-11
Let l(n) = 712*n + 4288. Determine l(-6).
16
Let k(i) = i**3 + 64*i**2 - 3*i - 33. Determine k(0).
-33
Let s(r) = -25*r - 440. Determine s(0).
-440
Let k(q) = -7*q**2 - 49*q - 18. What is k(-9)?
-144
Let m(z) = -z**2 + 6*z + 107. Calculate m(0).
107
Let n(j) = 2*j**3 + 33*j**2 - 8*j + 23. What is n(-17)?
-130
Let c(m) = -46*m + 104. What is c(4)?
-80
Let m(x) = -25*x - 269. Determine m(-11).
6
Let n(x) = 299*x - 4491. Calculate n(15).
-6
Let v(o) = -o**3 - 10*o**2 + 25*o + 10. Determine v(-12).
-2
Let q(f) = f**2 - 8*f - 65. What is q(13)?
0
Let r(a) = 5*a**3 + 88*a**2 + 51*a - 47. Give r(-17).
-47
Let r(v) = -17*v**3 + 4*v**2 - 47*v + 43. What is 